{"version":"1.0","provider_name":"Accent Qu\u00e9bec","provider_url":"https:\/\/accentquebec.com\/en\/","title":"\u00c9cole de fran\u00e7ais du C\u00e9gep Rivi\u00e8re-du-Loup - Accent Qu\u00e9bec","type":"rich","width":600,"height":338,"html":"<blockquote class=\"wp-embedded-content\" data-secret=\"n5PfxP8S0B\"><a href=\"https:\/\/accentquebec.com\/en\/cegep-of-riviere-du-loup\/\">\u00c9cole de fran\u00e7ais du C\u00e9gep Rivi\u00e8re-du-Loup<\/a><\/blockquote><iframe sandbox=\"allow-scripts\" security=\"restricted\" src=\"https:\/\/accentquebec.com\/en\/cegep-of-riviere-du-loup\/embed\/#?secret=n5PfxP8S0B\" width=\"600\" height=\"338\" title=\"&#8220;\u00c9cole de fran\u00e7ais du C\u00e9gep Rivi\u00e8re-du-Loup&#8221; &#8212; Accent Qu\u00e9bec\" data-secret=\"n5PfxP8S0B\" frameborder=\"0\" marginwidth=\"0\" marginheight=\"0\" scrolling=\"no\" class=\"wp-embedded-content\"><\/iframe><script type=\"text\/javascript\">\n\/* <![CDATA[ *\/\n\/*! This file is auto-generated *\/\n!function(d,l){\"use strict\";l.querySelector&&d.addEventListener&&\"undefined\"!=typeof URL&&(d.wp=d.wp||{},d.wp.receiveEmbedMessage||(d.wp.receiveEmbedMessage=function(e){var t=e.data;if((t||t.secret||t.message||t.value)&&!\/[^a-zA-Z0-9]\/.test(t.secret)){for(var s,r,n,a=l.querySelectorAll('iframe[data-secret=\"'+t.secret+'\"]'),o=l.querySelectorAll('blockquote[data-secret=\"'+t.secret+'\"]'),c=new RegExp(\"^https?:$\",\"i\"),i=0;i<o.length;i++)o[i].style.display=\"none\";for(i=0;i<a.length;i++)s=a[i],e.source===s.contentWindow&&(s.removeAttribute(\"style\"),\"height\"===t.message?(1e3<(r=parseInt(t.value,10))?r=1e3:~~r<200&&(r=200),s.height=r):\"link\"===t.message&&(r=new URL(s.getAttribute(\"src\")),n=new URL(t.value),c.test(n.protocol))&&n.host===r.host&&l.activeElement===s&&(d.top.location.href=t.value))}},d.addEventListener(\"message\",d.wp.receiveEmbedMessage,!1),l.addEventListener(\"DOMContentLoaded\",function(){for(var e,t,s=l.querySelectorAll(\"iframe.wp-embedded-content\"),r=0;r<s.length;r++)(t=(e=s[r]).getAttribute(\"data-secret\"))||(t=Math.random().toString(36).substring(2,12),e.src+=\"#?secret=\"+t,e.setAttribute(\"data-secret\",t)),e.contentWindow.postMessage({message:\"ready\",secret:t},\"*\")},!1)))}(window,document);\n\/\/# sourceURL=https:\/\/accentquebec.com\/wp-includes\/js\/wp-embed.min.js\n\/* ]]> *\/\n<\/script>\n","thumbnail_url":"https:\/\/accentquebec.com\/wp-content\/uploads\/2022\/01\/rdl.jpg","thumbnail_width":782,"thumbnail_height":254,"description":"L\u2019\u00c9cole de fran\u00e7ais offers two 5-week French Immersion programs every year. The Spring term is intended for university students and adults (18+ years old) and the Summer term is for highschool students (16 \u2013 17 years old). The same academic program is offered for both terms. However, several other elements of the program are different. [&hellip;]"}

Accent Québec

École de français du Cégep Rivière-du-Loup - Accent Québec

<blockquote class="wp-embedded-content" data-secret="n5PfxP8S0B"><a href="https://accentquebec.com/en/cegep-of-riviere-du-loup/">École de français du Cégep Rivière-du-Loup</a></blockquote><iframe sandbox="allow-scripts" security="restricted" src="https://accentquebec.com/en/cegep-of-riviere-du-loup/embed/#?secret=n5PfxP8S0B" width="600" height="338" title="&#8220;École de français du Cégep Rivière-du-Loup&#8221; &#8212; Accent Québec" data-secret="n5PfxP8S0B" frameborder="0" marginwidth="0" marginheight="0" scrolling="no" class="wp-embedded-content"></iframe><script type="text/javascript">
/* <![CDATA[ */
/*! This file is auto-generated */
!function(d,l){"use strict";l.querySelector&&d.addEventListener&&"undefined"!=typeof URL&&(d.wp=d.wp||{},d.wp.receiveEmbedMessage||(d.wp.receiveEmbedMessage=function(e){var t=e.data;if((t||t.secret||t.message||t.value)&&!/[^a-zA-Z0-9]/.test(t.secret)){for(var s,r,n,a=l.querySelectorAll('iframe[data-secret="'+t.secret+'"]'),o=l.querySelectorAll('blockquote[data-secret="'+t.secret+'"]'),c=new RegExp("^https?:$","i"),i=0;i<o.length;i++)o[i].style.display="none";for(i=0;i<a.length;i++)s=a[i],e.source===s.contentWindow&&(s.removeAttribute("style"),"height"===t.message?(1e3<(r=parseInt(t.value,10))?r=1e3:~~r<200&&(r=200),s.height=r):"link"===t.message&&(r=new URL(s.getAttribute("src")),n=new URL(t.value),c.test(n.protocol))&&n.host===r.host&&l.activeElement===s&&(d.top.location.href=t.value))}},d.addEventListener("message",d.wp.receiveEmbedMessage,!1),l.addEventListener("DOMContentLoaded",function(){for(var e,t,s=l.querySelectorAll("iframe.wp-embedded-content"),r=0;r<s.length;r++)(t=(e=s[r]).getAttribute("data-secret"))||(t=Math.random().toString(36).substring(2,12),e.src+="#?secret="+t,e.setAttribute("data-secret",t)),e.contentWindow.postMessage({message:"ready",secret:t},"*")},!1)))}(window,document);
//# sourceURL=https://accentquebec.com/wp-includes/js/wp-embed.min.js
/* ]]> */
</script>

L’École de français offers two 5-week French Immersion programs every year. The Spring term is intended for university students and adults (18+ years old) and the Summer term is for highschool students (16 – 17 years old). The same academic program is offered for both terms. However, several other elements of the program are different. [&hellip;]
